 be a(-5). Suppose -h + 46 = -3*p - 3, -2*h - 4*p = -c. Suppose 0 = 2*o - 4*o + h. Is o composite?
False
Let s(o) = -o**2 - 4*o + 3. Suppose 4 = -6*c + 5*c. Let v be s(c). Suppose v*g + 179 = 644. Is g a composite number?
True
Suppose -5*a + 115 = -5*o - 230, -5*o + 4*a = 341. Let z = o - -136. Is z a prime number?
True
Let v(j) = -j**2 + 4*j + 7. Let y be v(5). Suppose 5*s = -3*h - 830, 283 = -y*s + 2*h - 33. Let o = 252 + s. Is o composite?
False
Suppose 0 = c - p - 881 - 626, -5*c = p - 7547. Is c a prime number?
False
Suppose 0 = 5*q + 5*w - 15535, -911 - 8422 = -3*q + 3*w. Is q a prime number?
True
Let s(u) = 38*u**3 - 1. Let o be -5 - -3 - (8 + -3). Let k = o - -8. Is s(k) prime?
True
Let l = 2 - 3. Let t be -74*(-2 + 1)*l. Let a = 3 - t. Is a a composite number?
True
Let b be 6/((18/(-212))/(-3)). Suppose 0*x = -4*x + b. Is x a prime number?
True
Is (-2 - (-10)/(-5)) + 627 a composite number?
True
Suppose 3*t - r + 187 = 0, -4*r + 7*r + 171 = -3*t. Let x be 4/8 - 711/(-6). Let l = t + x. Is l prime?
False
Let y(p) = -7*p**3 - 3*p**2 - 2*p + 2. Let t be y(-2). Suppose -5*u + 0*u = -t. Let x = 11 + u. Is x composite?
True
Suppose -2*k - 3*k + 105 = 0. Is k a composite number?
True
Suppose 3*y - 9 = x, 13 = y + x + 2*x. Suppose 5*t - 436 = -3*z, -4*t + 133 + 203 = -y*z. Is t a composite number?
True
Suppose -4*w = -4793 - 4019. Is w composite?
False
Let g = -641 - -1129. Let m = 701 - g. Is m a composite number?
True
Suppose -3*u = -6 - 3. Suppose -2*n - 7 = -u*n. Is n prime?
True
Let l be -1 + 3 - 1 - -187. Suppose -3*z + l = -13. Is z a prime number?
True
Let i = 13 - 8. Suppose -3*z + 4*s = -0*z - 402, 0 = -4*z - i*s + 505. Let q = 257 - z. Is q a composite number?
False
Let d = -14689 - -22952. Is d a composite number?
False
Suppose -y - 3*y = -248. Suppose 2*s - 416 - y = 0. Is s a prime number?
True
Suppose -3*v - k - 21 = 2*k, 5*k - 35 = 2*v. Let s(y) = 2*y**2 + 3. Is s(v) a composite number?
True
Let q = -173 + 1150. Is q a composite number?
False
Suppose 156 = -2*i + 582. Is i prime?
False
Let c(m) = 2*m + 1. Let w be c(-3). Let z = w + 2. Is 64 + 0/1 - z a composite number?
False
Suppose -50 - 22 = -3*w. Suppose -5*y + w = -y. Is y a composite number?
True
Let z = 138 + -25. Is z a prime number?
True
Let d(c) = c**3 + 6*c**2 + 6*c + 7. Let y be d(-5). Suppose 2*r = -6, y*a - 5*r + 6 = 13. Is 1 - -14*(-6)/a a prime number?
False
Suppose i + 4*i - 52 = 4*j, 2*j + 5*i - 4 = 0. Suppose -2*h = -0*p + 5*p - 7, -4*h = 2*p - 6. Is ((-26)/j)/(p/4) prime?
True
Let u = 6 - 4. Suppose -4*z = -u*v + 330, -2*v - 2*z + 64 = -242. Suppose -v - 8 = -3*k. Is k a prime number?
False
Is 522 - 5/(10/2) composite?
False
Let g(r) = -r**2 + 1. Let o(w) = -2*w**2 - 2*w - 5. Let m(h) = -2*g(h) - o(h). Is m(-5) a prime number?
False
Suppose -3*a = -8 - 4. Suppose 441 = 5*t - a. Is t a prime number?
True
Let l(b) = -b**3 + 8*b**2 - 7*b + 5. Let u be l(7). Let m be u/25 + 14/5. Suppose 606 = 3*p + p + 5*f, -2*p - m*f = -304. Is p prime?
True
Let m(a) = -33*a**3 - 3*a**2 - 4*a - 3. Let d = 13 - 15. Is m(d) a composite number?
False
Is 0 - 4 - 3273*(-2)/6 a prime number?
True
Suppose -4*v + 0*v = -8. Suppose 2*t - 6*t - 130 = -v*s, 4*s - 305 = -t. Suppose 0*p = -4*i - 3*p + s, -4*p - 117 = -5*i. Is i a composite number?
True
Is (14/6 - 3) + 959/3 composite?
True
Let j be ((-10)/4 - -3)*2. Let t = 4 - j. Suppose 0 = -b + t*g + 115, 2*g - 139 = -b - g. Is b a composite number?
False
Suppose 2*v - 234 = 3*i + 274, -4*v - 3*i + 1034 = 0. Is v a prime number?
True
Suppose -10 = -2*f - 0*f. Suppose -f*v = -3*v. Is 34 + 1 + v/2 composite?
True
Let j = -7 - -7. Suppose 0 = -3*q + 5*u + 494, 300 = 2*q - j*u + 4*u. Let l = q + -111. Is l a prime number?
True
Let z = 925 - -20. Suppose h = 6*h - z. Let t = -112 + h. Is t a composite number?
True
Suppose 282 = -3*u + 1635. Is u a prime number?
False
Let r = -148 + 217. Let t = r + -47. Is t a composite number?
True
Let l(m) = m**2 - 3*m + 6. Let h be l(4). Let u be h/25 + 83/5. Suppose -4*o + 27 = -u. Is o a composite number?
False
Suppose 78 = -2*a + 196. Is a a prime number?
True
Let a be (-434)/(-8) + 2/(-8). Suppose x - 76 = -q, -x - 5*q + 39 = -49. Let y = a + x. Is y a composite number?
False
Is 294 + (4/4)/(-1) a composite number?
False
Suppose -p - 2 = -l, -5*p = -p - 4. Suppose -7*o = -3*o + 20, 4*a + l*o - 253 = 0. Is a a composite number?
False
Let s = 752 + -171. Is s prime?
False
Suppose 0*p = -5*p + 745. Is p prime?
True
Suppose 16 - 4 = 4*b. Let a(i) = -3*i**3 + 2*i**3 - 16*i**2 + 1 + 6*i**2 + 0*i**b - 10*i. Is a(-9) composite?
True
Is (-1)/(-4) + 99/4 composite?
True
Let d(w) = 13*w - 10. Let m be d(6). Suppose -5*r = 3*u - 5*u - 46, 0 = 3*r - 2*u - 30. Suppose 4*j = m + r. Is j a prime number?
True
Let m(d) = -15*d**3 + 2*d + 7. Is m(-4) composite?
True
Let o(d) = -15*d + 4. Is o(-1) prime?
True
Let n(s) = -41*s + 3. Let g(w) = w - 2. Let t be g(0). Is n(t) prime?
False
Is -1*2 - (1 - 446) a composite number?
False
Let t(k) = 124*k**3 - k**2 + 4*k - 7. Is t(2) composite?
True
Suppose -j - 393 = 2*j. Let v = j - -203. Suppose 0 = 2*l + 6 - v. Is l prime?
False
Let j = -146 + 76. Let o = 21 + j. Is o/((2/(-2))/1) prime?
False
Let g(t) = -12*t - 1. Is g(-2) composite?
False
Suppose -x = x + j - 1933, 3*x = -2*j + 2899. Is x composite?
False
Let z(h) = -h**3 - 9*h**2 - 7*h + 6. Let q be z(-8). Is (4*q + 1)*-29 composite?
True
Let c(v) = -v**3 - v**2 + 3*v - 2. Let n = -4 - -1. Is c(n) a prime number?
True
Is (-2)/7 + 2757/21 a composite number?
False
Suppose 4*y = -0*y. Let r(n) be the second derivative of -n**3/6 + 25*n**2/2 - 5*n. Is r(y) a composite number?
True
Let w(p) be the third derivative of p**5/60 - p**4/12 - 2*p**3/3 - 3*p**2. Let k be w(5). Let m = 45 - k. Is m a composite number?
True
Suppose -v + 364 = 23. Is v a composite number?
True
Let s(r) = -r**3 - 3*r**2 - 3*r + 4. Let l be ((-4)/(-6))/((-4)/18). Is s(l) a prime number?
True
Let j(r) = 4*r**3 - 23*r + 12. Is j(5) a prime number?
True
Is (61 + -2 + 0)*3 prime?
False
Let q(d) = -d**2 - 4*d + 11. Let z be q(-7). Let i(g) = g**2 - 10*g + 3. Is i(z) prime?
False
Let n(b) = -27*b - 5. Is n(-8) prime?
True
Let s be 3/2 + (-3)/(-6). Is (-1)/(-1) + (68 - s) prime?
True
Suppose 4*q = 2*q - n + 613, 2*n - 302 = -q. Suppose 53 = -3*x + q. Is x a composite number?
True
Let d(l) be the third derivative of -5*l**4/4 + l**3/6 - 3*l**2. Let v be d(-3). Let y = 130 - v. Is y a composite number?
True
Let q be (21/35)/((-1)/(-65)). Is (-2)/3*q*-1 a composite number?
True
Suppose -19 = -5*a + 6. Suppose a*t - 304 - 21 = 0. Is t composite?
True
Let u(q) = 10*q**2 + 3*q - 2. Let n be 1*(-4)/((-8)/(-10)). Let k = 2 + n. Is u(k) a prime number?
True
Let b(n) = 3*n**2 + 14*n + 23. Is b(-12) a composite number?
True
Let n(f) = f**3 + 3*f**2 - 6*f - 3. Let z be n(-4). Suppose -z*a = u - 180, 0*a - 4*u + 165 = 5*a. Suppose -a = -2*w + 13. Is w composite?
True
Let z(n) = 18*n - 2. Let s be z(2). Suppose -s = -r + 3*m, -3 + 7 = 4*m. Is r prime?
True
Let n(s) = -2*s**2 - 6*s + 6. Let m = -9 + 2. Let t be n(m). Let z = 103 + t. Is z a composite number?
False
Let d(y) = -y - 1. Let i be d(-6). Suppose -13 - 22 = -i*z. Is (1 - -446)*z/21 composite?
False
Let g be (-6)/(-45) + 184/(-30). Is (-11)/(-2)*(-12)/g composite?
False
Let y be 24/40*(6 + -1). Suppose 72 = w + 4*m + 15, -3*w + y*m = -141. Is w a prime number?
False
Suppose c - 2*p = -c + 8, -5*c = 5*p. Suppose -2*s + c*x + 36 = 0, 5*s - 85 = 3*x + x. Is s a prime number?
True
Let p be (-200)/(-5) - -2*1. Let m be 12/2*(-14)/3. Let n = p + m. Is n prime?
False
Let f be 3/(-1) + (87 - 5). Is -2 + f/2*2 prime?
False
Let l(h) = 199*h + 3. Is l(4) a prime number?
False
Let x(g) = -1 - 1 + 5*g + 0 + g**2. Let v be x(-6). Suppose 3*y = y - 3*q + 23, -v*q = -5*y + 46. Is y prime?
False
Suppose -2*m = 191 + 133. Let t = m - -429. Is t composite?
True
Let q = -1054 + 1775. Is q composite?
True
Suppose 5*t = -3*c + 1459, -5*t + 4*c = 830 - 2303. Is t prime?
True
Suppose -15 = -z - 2*z. Suppose t - 2 = -z, 2*a = -t + 71. Is a a composite number?
False
Let y be 10/(-35) + 33/(-7). Let c(m) = -20*m - 11. Is c(y) a composite number?
False
Let j be 2*((-387)/6)/3. Let s = j - -74. Is s composite?
False
Let k(j) = -11*j - 5. Is